*2. Give y(p).
11
Let f(z) = -z**3 + 32*z**2 - 134*z - 30. Let q be f(27). Let c(x) = 2*x**2 - x - 4. What is c(q)?
17
Let t be 57/(-95) - 9129/(-15). Let w = 609 - t. Let v(x) = -3*x**2 + x. Determine v(w).
-2
Let m(c) be the third derivative of 7/6*c**3 - 4*c**2 + 1/60*c**5 + 0*c + 0 + 1/4*c**4. Suppose 2*w + 1 + 11 = 0. Calculate m(w).
7
Let w = -11 + 15. Let j(f) = 20*f**3 - 5*f**2 - 6*f + 214. Let v(o) = 11*o**3 - 3*o**2 - 3*o + 117. Let s(b) = -6*j(b) + 11*v(b). Give s(w).
31
Let g(y) = y**2 + 3*y - 32. Let r be g(-7). Let h(w) = -w**3 - 4*w**2 - 2*w - 6. Give h(r).
2
Let z(h) = h**2 - 121*h + 24. Let r(x) = x**2 - 182*x + 35. Let c(q) = -5*r(q) + 8*z(q). Calculate c(19).
-2
Suppose 159 = -60*y + 399. Let u(b) = 2*b**2 - 9*b - 7. Let f(j) = -2*j**2 + 8*j + 6. Let z(v) = -4*f(v) - 3*u(v). Give z(y).
9
Let k be (1 - 0) + -5 - (-504)/(-252). Let h(b) = 3*b + 11. Let m(t) = 3*t + 11. Let s(j) = 6*h(j) - 5*m(j). Give s(k).
-7
Suppose 189 = 9*l + 45. Suppose l*c = 23*c - 49. Let i(k) = k**2 - 8*k. What is i(c)?
-7
Let t(j) be the first derivative of -j**3/2 + 2*j**2 + 259*j + 31. Let p(a) be the first derivative of t(a). Give p(0).
4
Let p(r) be the third derivative of -r**6/30 + r**5/60 - 3*r**4/4 + 8*r**3/3 - 2*r**2 + 4873*r. What is p(1)?
-5
Let v(y) = -3 + 0 + 0*y**3 + 11*y - y**3 + 15*y**2 - 19*y**2. Suppose 3*f + 39 = -2*n + 12, 2*n + 17 = -f. What is v(n)?
3
Suppose -137*q = 93*q - 1840. Let t(u) = u**2 - 6*u. Determine t(q).
16
Let q be ((-5)/1 - -3)*2. Let g(j) = 106*j + 2 - 115*j - 7. What is g(q)?
31
Suppose -3*w = 9, 0*g - 3*g + 2*w + 3 = 0. Let d(j) = 7*j**3 - j**2 - j + 1. Determine d(g).
-6
Let j(r) be the third derivative of 13*r**4/24 + 101*r**3/6 + 50*r**2 - 2*r + 11. Give j(-10).
-29
Let w(i) = -6*i**3 + 3*i**2 + 35*i + 1. Let q(m) = -5*m**3 + 3*m**2 + 31*m + 2. Let j(o) = -8*q(o) + 7*w(o). Give j(-3).
27
Suppose -9*s + 179 + 199 = 0. Suppose -2*t = -2*g - 24, s + 7 = 2*t + 3*g. Let a(n) = t - 6 - 15 + n. Calculate a(6).
2
Let a(t) be the third derivative of 1/12*t**4 - 11*t**2 + 0 + 0*t + 9/2*t**3. Let z be a(-12). Let v(r) = -2*r - 2. Determine v(z).
-8
Let g(x) = 3*x - 3*x**2 - 4*x + 5*x**2. Let s(y) = -y**3 - 18*y**2 - 27*y + 22. Let c be s(-16). Let j be (c/(-87))/(2 - (-32)/(-18)). What is g(j)?
15
Let u(l) = -4*l - 9. Let y be 2/(-8) + (-115)/20. Let w be u(y). Suppose -5*b + 13 + w = 3*h, h + 2*b - 11 = 0. Let k(x) = 10*x**2 - 1. Calculate k(h).
9
Let w(d) be the third derivative of d**6/120 + 19*d**5/60 - d**4/24 - 11*d**3/6 - 329*d**2. Give w(-19).
8
Let m(w) = -44*w**3 + 4*w**2 - 6*w + 2. Let v be m(1). Suppose l - 78 = 3*l. Let a = v - l. Let j(d) = -d**2 - 2*d - 5. What is j(a)?
-20
Let g(m) = m**3 + 10*m**2 - m - 7. Let h be g(-10). Let j(v) = v**3 - 3*v**2 + 5*v - 7. Let f be j(h). Let l(n) = -11 + 17 - 11 - f*n + 10*n. Calculate l(8).
11
Let w(j) = -2*j**3 - 39*j**2 - 55*j + 58. Let q(p) = 3*p**3 + 60*p**2 + 82*p - 87. Let c(z) = 5*q(z) + 7*w(z). Give c(-26).
-3
Suppose 12*x = 15*x + 4*s - 14, 0 = 5*x - 2*s - 6. Suppose -12 = -2*y - l + 14, -x*y = -3*l - 18. Let w(m) = -m**3 + 11*m**2 + 14*m - 28. Determine w(y).
-4
Let m(a) = a**3 + 5*a**2 + a + 5. Let s(x) = -5*x - 48. Let p be s(-41). Suppose -20 = -153*t + p*t. Calculate m(t).
0
Suppose -14*l = -14 + 70. Suppose 0 = -5*i - 8 - 2. Let a(h) = -5*h - 6. Let p(c) = -21*c - 24. Let s(m) = i*p(m) + 9*a(m). Give s(l).
6
Let z(r) = -3*r + 12. Let v be z(3). Let q be -2*2 - (-9)/v. Let j(s) be the first derivative of -3*s**2/2 + 3. What is j(q)?
3
Suppose 5*v - 4 = 6. Suppose 0 = -5*j - 4*y + 6, y - v = j - 2*j. Let w(i) be the third derivative of -i**5/60 + 6*i**2. Calculate w(j).
-4
Suppose 0 = 4*x - 2*t + 60, 3*t = 3*x + 5*t + 31. Let s = 7 - x. Suppose 0 = 4*z - s + 8. Let b(n) = n - 3. Determine b(z).
0
Let u(b) be the second derivative of -b**3/2 + 25*b**2 + 24*b. Let q be u(16). Let h(c) = 173 - 3*c**q - 168 + 2*c**2. Calculate h(0).
5
Let k be -8 + (-300)/(-36) - (-22)/6. Let f(p) = 7*p - 11 - 11 - 7 + 41 - 17. Give f(k).
23
Let x(q) be the second derivative of -4*q**3/3 + 10*q**2 - 27*q - 19. Determine x(8).
-44
Let q(j) be the first derivative of j**3/3 - j**2/2 + 43*j - 1826. What is q(0)?
43
Let o(w) = w**2 + 7*w + 20. Let p(g) = 3*g**2 + 93*g + 620. Let y be p(-21). Give o(y).
50
Let h(k) = 8*k - 28. Let n(j) = -34*j + 112. Let a(v) = 13*h(v) + 3*n(v). Determine a(7).
-14
Let g(r) be the third derivative of 5*r**4/24 + r**3/6 + 2*r**2. Let j = -118581 - -118584. Calculate g(j).
16
Suppose 0 = 2*c - 37*c - 31*c + 330. Let a(q) = -q**3 + 5*q**2 - q - 2. Calculate a(c).
-7
Let x(h) = h**2 - 7*h + 3. Let b(s) = -3*s**2 + s - 5. Let v be b(-6). Let t = -114 - v. Calculate x(t).
-7
Let y(l) = -2 - 4702357*l - 3 + 4702418*l. Give y(-1).
-66
Let q(z) = 22*z + 165. Suppose 5*v + 29 - 6 = 2*k, 0 = 5*k + 30. Give q(v).
11
Suppose 0 = -4*n - 3*y - 2 + 9, -5*n + 26 = -2*y. Let b be (-33)/(-22) + 2/4. Let o(d) = 0*d**2 + 11*d + 1 + d - 7*d - d**b. Determine o(n).
5
Let k(w) = 85 + w - 168 + 84. Let c(j) = j + 11. Let f be c(-12). Let r(m) = 6*m - 2. Let z be r(f). What is k(z)?
-7
Suppose 0 = -256*k + 266*k - 130. Let v(t) = t**3 - 12*t**2 - 16*t + 43. Determine v(k).
4
Suppose -2*j + 5*l - 41 = 0, -5*l - 9 = 16. Let u(q) = -4*q - 131. Let r be u(j). Let k(f) = -10*f**2 + 2*f - 2. Calculate k(r).
-10
Let x(l) = l**3 + 5*l**2 - 14. Let d(u) = -3*u**3 - 14*u**2 + 42. Let q(s) = -6*d(s) - 17*x(s). Suppose -222*c = 248*c - 382*c. Give q(c).
-14
Let t(j) = 2*j**3 + 3*j**2 - 2*j + 1. Suppose 28*s - 2*n = 32*s + 8, 3*n = -4*s - 6. Give t(s).
-20
Let b(t) = 4*t + 19. Let i(d) = 37 + 2*d - d - 38. Let p(s) = -b(s) + 5*i(s). Calculate p(14).
-10
Let j(d) = -5*d - 2. Let b(c) = 9*c - 68. Let r(s) = 10*s - 82. Let o(l) = 6*b(l) - 5*r(l). Let v = -3 + 8. Let i(p) = v*j(p) + 6*o(p). Give i(-6).
8
Let u(f) = 4*f + 1. Let k be (-1 - 1)/6*-27*3. Let p = k + -37. Let b be -8*(-5)/p - -3. Give u(b).
-3
Let v(j) = -j - 3. Let x(r) = 8*r**2 - 6*r - 11. Let p be x(5). Let h = 162 - p. Determine v(h).
-6
Suppose 13*t = 3*f + 19*t, t + 9 = f. Let i(z) = -34*z**2 + 204*z + 8. What is i(f)?
8
Let s = -36 - -14. Let k = 31 + s. Let f(n) = -35*n**3 + 19*n**3 + k + 8*n - 6*n**2 + 15*n**3. Calculate f(-7).
2
Let o(x) be the third derivative of x**5/60 - 3*x**4/8 + 37*x**3/6 + 4038*x**2. Calculate o(12).
73
Let h(y) = 5*y**3 - 9*y**2 + y. Let t(b) = -14*b**3 + 26*b**2 - 4*b + 1. Let s(w) = -11*h(w) - 4*t(w). Let n = 5289 + -5284. Calculate s(n).
21
Let s(y) = -13*y - 1. Let h(j) = j**2 + 14*j + 10. Let m be h(-9). Suppose -3*k = -3*p - 108, -5*p + 6*p + 4*k = -36. Let u = m - p. What is s(u)?
-14
Let d(g) be the third derivative of -g**5/60 - 5*g**4/24 + g**3/2 + 43*g**2. Let m be d(2). Let r(a) = a**2 + 8*a - 15. Determine r(m).
18
Let x(p) be the first derivative of p**4/12 - 2*p**3 - 17*p**2/2 + 85*p + 80. Let j(a) be the first derivative of x(a). Determine j(13).
-4
Let u = -78 + 81. Let s(n) = -n**3 - 2*n**2 - 5. Let j be s(-3). Let b(k) = 0*k**2 + k**2 - 7*k - 2*k + j + 4*k. Determine b(u).
-2
Let n(f) = -11*f + 19. Let a(t) = 6*t - 9. Let s(w) = 7*a(w) + 4*n(w). Let d(o) = -o + 11. Let k(b) = -3*d(b) + 2*s(b). Give k(-6).
-1
Let v(i) = -6*i + 34. Let z = -8953 + 8958. Give v(z).
4
Let t(i) be the second derivative of i**2 - 1/2*i**3 + 0 - 27*i - 1/6*i**4. Suppose 0 = -3*p - x + 11, -p + 3*x + 4 = 17. Give t(p).
-12
Let p(l) = l**3 + 8*l**2 - 8*l - 8. Let r = -736 - -727. Calculate p(r).
-17
Let o(a) = 37694*a**2 - 6 + 37698*a**2 + 6*a - 75390*a**2. Determine o(1).
2
Let x be 8/(-3) - (-33)/264*8/(-3). Let i = -9 + 13. Let h(p) = i + 7*p + 0 - 2. Give h(x).
-19
Let x = -3806 + 22837/6. Let a(k) be the third derivative of 0*k + 0 - x*k**3 - 1/12*k**4 + 20*k**2. What is a(4)?
-9
Let q(n) = -n**2 - 10*n - 3. Suppose -57*c + 56*c = -12. Suppose 3*w + 5 + 24 = -2*j, 3*j + c = -w. Determine q(w).
6
Let n(s) = 7*s**3 - 2*s**2 - 2*s + 3. Let f be ((-940)/376)/(3/2) - 8/(-3). Determine n(f).
6
Let x = 11 + -8. Suppose -x*l + 3*p = 6, 5*l + p - 22 = -2*p. Let u(b) = -2 + 3 - 2*b**2 - b + 0*b**2 + b**l. Determine u(-2).
-1
Let v(l) = -l + 0*l + 2*l + 0*l. Let p(o) = -o**3 + 4*o**2 - 5*o + 7. Let d be p(5). Let i = -47 - d. Calculate v(i).
-4
Let y be ((-9)/27)/((-1)/(-9)). Let a be (y/(-6))/(7/(